{"id":105,"date":"2017-01-03T16:30:07","date_gmt":"2017-01-03T16:30:07","guid":{"rendered":"http:\/\/foxthemes.com\/web\/wp\/prague.1.2.0\/?page_id=105"},"modified":"2019-01-21T11:43:31","modified_gmt":"2019-01-21T08:43:31","slug":"mimar-suleyman-ucar","status":"publish","type":"page","link":"http:\/\/yapimekan.com.tr\/index.php\/mimar-suleyman-ucar\/","title":{"rendered":"S\u00fcleyman U\u00e7ar"},"content":{"rendered":"<p>[vc_row desctop_mt=&#8221;margin-lg-75t&#8221; tablets_mt=&#8221;margin-sm-70t&#8221;][vc_column width=&#8221;2\/3&#8243; desctop_mt=&#8221;margin-lg-50t&#8221; tablets_mt=&#8221;margin-sm-0t&#8221; offset=&#8221;vc_col-lg-4 vc_col-md-offset-0 vc_col-md-5 vc_col-sm-offset-2 vc_col-xs-12&#8243;][vc_team image=&#8221;3440&#8243; stroke_width=&#8221;15&#8243; height=&#8221;465&#8243; enable_animated=&#8221;true&#8221;][\/vc_column][vc_column tablets_mt=&#8221;margin-sm-20t&#8221; offset=&#8221;vc_col-lg-offset-1 vc_col-lg-7 vc_col-md-offset-0 vc_col-md-7 vc_col-sm-offset-0 vc_col-xs-12&#8243;][vc_headings subtitle=&#8221;Kurucu, Mimar&#8221; title=&#8221;S\u00fcleyman U\u00e7ar&#8221; css=&#8221;.vc_custom_1546444705130{padding-top: 150px !important;}&#8221;]<strong>Mimar S\u00fcleyman U\u00c7AR<\/strong>\u00a01965 y\u0131l\u0131nda Konya Ere\u011fli\u2019de do\u011fdu. \u0130lk ve orta \u00f6\u011frenimini Konya\u2019da tamamlad\u0131. 1987 y\u0131l\u0131nda \u0130T\u00dc Mimarl\u0131k fak\u00fcltesinden mimar olarak mezun oldu. Mezuniyetinden hemen sonra k\u0131sa s\u00fcreli olarak \u00f6zel sekt\u00f6rde \u00e7al\u0131\u015farak i\u015f tecr\u00fcbesi edindi.<\/p>\n<p align=\"justify\">Ard\u0131ndan 1989 y\u0131l\u0131nda mimarl\u0131k ve in\u015faat sekt\u00f6r\u00fcnde hizmet vermek \u00fczere\u00a0<strong>Yap\u0131mekan Mimarl\u0131k Ltd. \u015eti.\u2019<\/strong>ni kurdu.<\/p>\n<p>Mimarl\u0131k mesle\u011fini <strong>Yap\u0131mekan Mimarl\u0131k<\/strong>&#8216;ta devam ettiren S\u00fcleyman U\u00c7AR, ayr\u0131ca \u00e7e\u015fitli sivil toplum kurulu\u015flar\u0131nda y\u00f6netici ve \u00fcye kimli\u011fi ile aktif g\u00f6rev yapmaktad\u0131r.[\/vc_headings][\/vc_column][\/vc_row]<\/p>\n","protected":false},"excerpt":{"rendered":"<p>[vc_row desctop_mt=&#8221;margin-lg-75t&#8221; tablets_mt=&#8221;margin-sm-70t&#8221;][vc_column width=&#8221;2\/3&#8243; desctop_mt=&#8221;margin-lg-50t&#8221; tablets_mt=&#8221;margin-sm-0t&#8221; offset=&#8221;vc_col-lg-4 vc_col-md-offset-0 vc_col-md-5 vc_col-sm-offset-2 vc_col-xs-12&#8243;][vc_team image=&#8221;3440&#8243; stroke_width=&#8221;15&#8243; height=&#8221;465&#8243; enable_animated=&#8221;true&#8221;][\/vc_column][vc_column tablets_mt=&#8221;margin-sm-20t&#8221; offset=&#8221;vc_col-lg-offset-1 vc_col-lg-7 vc_col-md-offset-0 vc_col-md-7<\/p>\n","protected":false},"author":1,"featured_media":0,"parent":0,"menu_order":0,"comment_status":"closed","ping_status":"closed","template":"","meta":{"footnotes":""},"class_list":["post-105","page","type-page","status-publish","hentry"],"_links":{"self":[{"href":"http:\/\/yapimekan.com.tr\/index.php\/wp-json\/wp\/v2\/pages\/105","targetHints":{"allow":["GET"]}}],"collection":[{"href":"http:\/\/yapimekan.com.tr\/index.php\/wp-json\/wp\/v2\/pages"}],"about":[{"href":"http:\/\/yapimekan.com.tr\/index.php\/wp-json\/wp\/v2\/types\/page"}],"author":[{"embeddable":true,"href":"http:\/\/yapimekan.com.tr\/index.php\/wp-json\/wp\/v2\/users\/1"}],"replies":[{"embeddable":true,"href":"http:\/\/yapimekan.com.tr\/index.php\/wp-json\/wp\/v2\/comments?post=105"}],"version-history":[{"count":29,"href":"http:\/\/yapimekan.com.tr\/index.php\/wp-json\/wp\/v2\/pages\/105\/revisions"}],"predecessor-version":[{"id":3582,"href":"http:\/\/yapimekan.com.tr\/index.php\/wp-json\/wp\/v2\/pages\/105\/revisions\/3582"}],"wp:attachment":[{"href":"http:\/\/yapimekan.com.tr\/index.php\/wp-json\/wp\/v2\/media?parent=105"}],"curies":[{"name":"wp","href":"https:\/\/api.w.org\/{rel}","templated":true}]}}